Last updated on 2025-04-29 01:49:43 CEST.
Flavor | Version | Tinstall | Tcheck | Ttotal | Status | Flags |
---|---|---|---|---|---|---|
r-devel-linux-x86_64-debian-clang | 0.3.11 | 7.44 | 328.60 | 336.04 | OK | |
r-devel-linux-x86_64-debian-gcc | 0.3.11 | 5.46 | 281.25 | 286.71 | NOTE | |
r-devel-linux-x86_64-fedora-clang | 0.3.11 | 485.60 | OK | |||
r-devel-linux-x86_64-fedora-gcc | 0.3.11 | 473.79 | OK | |||
r-devel-windows-x86_64 | 0.3.11 | 8.00 | 299.00 | 307.00 | OK | |
r-patched-linux-x86_64 | 0.3.11 | 7.80 | 318.96 | 326.76 | OK | |
r-release-linux-x86_64 | 0.3.11 | 7.55 | 319.84 | 327.39 | OK | |
r-release-macos-arm64 | 0.3.11 | 179.00 | OK | |||
r-release-macos-x86_64 | 0.3.11 | 330.00 | OK | |||
r-release-windows-x86_64 | 0.3.11 | 8.00 | 304.00 | 312.00 | OK | |
r-oldrel-macos-arm64 | 0.3.11 | 155.00 | OK | |||
r-oldrel-macos-x86_64 | 0.3.11 | 218.00 | OK | |||
r-oldrel-windows-x86_64 | 0.3.11 | 11.00 | 393.00 | 404.00 | OK |
Version: 0.3.11
Check: CRAN incoming feasibility
Result: NOTE
Maintainer: ‘Zachary Kurtz <zdkurtz@gmail.com>’
The Description field contains
Müller, Richard Bonneau, Zachary Kurtz (2016) <arXiv:1605.07072>.
Please refer to arXiv e-prints via their arXiv DOI <doi:10.48550/arXiv.YYMM.NNNNN>.
Flavor: r-devel-linux-x86_64-debian-gcc