Last updated on 2024-08-16 12:49:17 CEST.
Flavor | Version | Tinstall | Tcheck | Ttotal | Status | Flags |
---|---|---|---|---|---|---|
r-devel-linux-x86_64-debian-clang | 0.1.2 | 304.05 | 127.14 | 431.19 | NOTE | |
r-devel-linux-x86_64-debian-gcc | 0.1.2 | 300.68 | 113.90 | 414.58 | NOTE | |
r-devel-linux-x86_64-fedora-clang | 0.1.2 | 709.20 | NOTE | |||
r-devel-linux-x86_64-fedora-gcc | 0.1.2 | 990.37 | NOTE | |||
r-devel-windows-x86_64 | 0.1.2 | 312.00 | 169.00 | 481.00 | NOTE | |
r-patched-linux-x86_64 | 0.1.2 | 385.34 | 153.19 | 538.53 | NOTE | |
r-release-linux-x86_64 | 0.1.2 | 375.19 | 156.03 | 531.22 | NOTE | |
r-release-macos-arm64 | 0.1.2 | 168.00 | NOTE | |||
r-release-macos-x86_64 | 0.1.2 | 297.00 | NOTE | |||
r-release-windows-x86_64 | 0.1.2 | 322.00 | 167.00 | 489.00 | NOTE | |
r-oldrel-macos-arm64 | 0.1.2 | 173.00 | NOTE | |||
r-oldrel-macos-x86_64 | 0.1.2 | 277.00 | NOTE | |||
r-oldrel-windows-x86_64 | 0.1.2 | 405.00 | 201.00 | 606.00 | OK |
Version: 0.1.2
Check: Rd files
Result: NOTE
checkRd: (-1) ma.Rd:62: Lost braces
62 | \item{yi}{Numeric vector of length code{k} with observed effect size
| ^
checkRd: (-1) ma.Rd:65: Lost braces
65 | \item{vi}{Numeric vector of length code{k} with sampling variances.}
| ^
Flavors: r-devel-linux-x86_64-debian-clang, r-devel-linux-x86_64-debian-gcc, r-devel-linux-x86_64-fedora-clang, r-devel-linux-x86_64-fedora-gcc, r-devel-windows-x86_64, r-patched-linux-x86_64, r-release-linux-x86_64, r-release-macos-arm64, r-release-macos-x86_64, r-release-windows-x86_64
Version: 0.1.2
Check: data for non-ASCII characters
Result: NOTE
Note: found 35 marked UTF-8 strings
Flavors: r-devel-linux-x86_64-fedora-clang, r-devel-linux-x86_64-fedora-gcc
Version: 0.1.2
Check: for GNU extensions in Makefiles
Result: NOTE
GNU make is a SystemRequirements.
Flavors: r-devel-linux-x86_64-fedora-clang, r-devel-linux-x86_64-fedora-gcc, r-release-macos-arm64, r-release-macos-x86_64, r-oldrel-macos-arm64, r-oldrel-macos-x86_64
Version: 0.1.2
Check: installed package size
Result: NOTE
installed size is 61.0Mb
sub-directories of 1Mb or more:
libs 60.6Mb
Flavors: r-release-macos-arm64, r-release-macos-x86_64, r-oldrel-macos-arm64, r-oldrel-macos-x86_64