Last updated on 2025-11-05 00:49:40 CET.
| Flavor | Version | Tinstall | Tcheck | Ttotal | Status | Flags |
|---|---|---|---|---|---|---|
| r-devel-linux-x86_64-debian-clang | 0.3.2 | 57.06 | 145.35 | 202.41 | OK | |
| r-devel-linux-x86_64-debian-gcc | 0.3.2 | 45.09 | 105.45 | 150.54 | OK | |
| r-devel-linux-x86_64-fedora-clang | 0.3.2 | 103.00 | 220.15 | 323.15 | OK | |
| r-devel-linux-x86_64-fedora-gcc | 0.3.2 | 120.00 | 255.65 | 375.65 | OK | |
| r-devel-windows-x86_64 | 0.3.2 | 68.00 | 184.00 | 252.00 | OK | |
| r-patched-linux-x86_64 | 0.3.2 | 61.57 | 145.37 | 206.94 | OK | |
| r-release-linux-x86_64 | 0.3.2 | 61.41 | 149.48 | 210.89 | OK | |
| r-release-macos-arm64 | 0.3.2 | 26.00 | 43.00 | 69.00 | OK | |
| r-release-macos-x86_64 | 0.3.2 | 32.00 | 83.00 | 115.00 | OK | |
| r-release-windows-x86_64 | 0.3.2 | 72.00 | 179.00 | 251.00 | OK | |
| r-oldrel-macos-arm64 | 0.3.2 | 24.00 | 38.00 | 62.00 | NOTE | |
| r-oldrel-macos-x86_64 | 0.3.2 | 29.00 | 90.00 | 119.00 | NOTE | |
| r-oldrel-windows-x86_64 | 0.3.2 | 81.00 | 238.00 | 319.00 | OK |
Version: 0.3.2
Check: installed package size
Result: NOTE
installed size is 11.4Mb
sub-directories of 1Mb or more:
libs 10.7Mb
Flavors: r-oldrel-macos-arm64, r-oldrel-macos-x86_64