Last updated on 2025-05-19 12:50:12 CEST.
Flavor | Version | Tinstall | Tcheck | Ttotal | Status | Flags |
---|---|---|---|---|---|---|
r-devel-linux-x86_64-debian-clang | 1.7 | 11.00 | 61.24 | 72.24 | NOTE | |
r-devel-linux-x86_64-debian-gcc | 1.7 | 7.77 | 45.57 | 53.34 | NOTE | |
r-devel-linux-x86_64-fedora-clang | 1.7 | 111.58 | OK | |||
r-devel-linux-x86_64-fedora-gcc | 1.7 | 108.91 | OK | |||
r-devel-windows-x86_64 | 1.7 | 15.00 | 91.00 | 106.00 | OK | |
r-patched-linux-x86_64 | 1.7 | 10.49 | 58.35 | 68.84 | OK | |
r-release-linux-x86_64 | 1.7 | 10.32 | 58.04 | 68.36 | OK | |
r-release-macos-arm64 | 1.7 | 38.00 | OK | |||
r-release-macos-x86_64 | 1.7 | 63.00 | OK | |||
r-release-windows-x86_64 | 1.7 | 15.00 | 108.00 | 123.00 | OK | |
r-oldrel-macos-arm64 | 1.7 | 42.00 | OK | |||
r-oldrel-macos-x86_64 | 1.7 | 49.00 | OK | |||
r-oldrel-windows-x86_64 | 1.7 | 19.00 | 96.00 | 115.00 | OK |
Version: 1.7
Check: CRAN incoming feasibility
Result: NOTE
Maintainer: ‘Kyu Ha Lee <klee@hsph.harvard.edu>’
No Authors@R field in DESCRIPTION.
Please add one, modifying
Authors@R: c(person(given = c("Kyu", "Ha"),
family = "Lee",
role = c("aut", "cre"),
email = "klee@hsph.harvard.edu"),
person(given = "Sounak",
family = "Chakraborty",
role = "aut"),
person(given = "Harrison",
family = "Reeder",
role = "aut"),
person(given = c("", "Jianguo"),
family = "Sun",
role = "aut",
comment = "Tony"))
as necessary.
Flavors: r-devel-linux-x86_64-debian-clang, r-devel-linux-x86_64-debian-gcc