Last updated on 2024-07-13 12:48:24 CEST.
Flavor | Version | Tinstall | Tcheck | Ttotal | Status | Flags |
---|---|---|---|---|---|---|
r-devel-linux-x86_64-debian-clang | 1.5.1 | 2.92 | 28.90 | 31.82 | NOTE | |
r-devel-linux-x86_64-debian-gcc | 1.5.1 | 2.15 | 22.15 | 24.30 | NOTE | |
r-devel-linux-x86_64-fedora-clang | 1.5.1 | 43.54 | NOTE | |||
r-devel-linux-x86_64-fedora-gcc | 1.5.1 | 53.76 | NOTE | |||
r-devel-windows-x86_64 | 1.5.1 | 3.00 | 45.00 | 48.00 | NOTE | |
r-patched-linux-x86_64 | 1.5.1 | 2.97 | 28.23 | 31.20 | NOTE | |
r-release-linux-x86_64 | 1.5.1 | 2.40 | 28.17 | 30.57 | NOTE | |
r-release-macos-arm64 | 1.5.1 | 84.00 | NOTE | |||
r-release-macos-x86_64 | 1.5.1 | 36.00 | NOTE | |||
r-release-windows-x86_64 | 1.5.1 | 4.00 | 45.00 | 49.00 | NOTE | |
r-oldrel-macos-arm64 | 1.5.1 | 23.00 | NOTE | |||
r-oldrel-macos-x86_64 | 1.5.1 | 33.00 | NOTE | |||
r-oldrel-windows-x86_64 | 1.5.1 | 4.00 | 45.00 | 49.00 | NOTE |
Version: 1.5.1
Check: package dependencies
Result: NOTE
Package suggested but not available for checking: ‘rdt’
Flavors: r-devel-linux-x86_64-debian-clang, r-devel-linux-x86_64-debian-gcc, r-devel-linux-x86_64-fedora-clang, r-devel-linux-x86_64-fedora-gcc, r-devel-windows-x86_64, r-patched-linux-x86_64, r-release-linux-x86_64, r-release-macos-arm64, r-release-macos-x86_64, r-release-windows-x86_64, r-oldrel-macos-arm64, r-oldrel-macos-x86_64, r-oldrel-windows-x86_64