Last updated on 2024-08-16 12:49:16 CEST.
Flavor | Version | Tinstall | Tcheck | Ttotal | Status | Flags |
---|---|---|---|---|---|---|
r-devel-linux-x86_64-debian-clang | 2.3.0 | 45.31 | 26.40 | 71.71 | OK | |
r-devel-linux-x86_64-debian-gcc | 2.3.0 | 36.02 | 20.69 | 56.71 | OK | |
r-devel-linux-x86_64-fedora-clang | 2.3.0 | 139.16 | NOTE | |||
r-devel-linux-x86_64-fedora-gcc | 2.3.0 | 151.13 | OK | |||
r-devel-windows-x86_64 | 2.3.0 | 54.00 | 85.00 | 139.00 | OK | |
r-patched-linux-x86_64 | 2.3.0 | 47.60 | 25.12 | 72.72 | OK | |
r-release-linux-x86_64 | 2.3.0 | 45.97 | 25.38 | 71.35 | OK | |
r-release-macos-arm64 | 2.3.0 | 39.00 | NOTE | |||
r-release-macos-x86_64 | 2.3.0 | 42.00 | NOTE | |||
r-release-windows-x86_64 | 2.3.0 | 58.00 | 85.00 | 143.00 | OK | |
r-oldrel-macos-arm64 | 2.3.0 | 126.00 | NOTE | |||
r-oldrel-macos-x86_64 | 2.3.0 | 75.00 | NOTE | |||
r-oldrel-windows-x86_64 | 2.3.0 | 62.00 | 93.00 | 155.00 | OK |
Version: 2.3.0
Check: Rd cross-references
Result: NOTE
Undeclared package ‘RProtoBuf’ in Rd xrefs
Flavor: r-devel-linux-x86_64-fedora-clang
Version: 2.3.0
Check: installed package size
Result: NOTE
installed size is 21.4Mb
sub-directories of 1Mb or more:
libs 21.3Mb
Flavors: r-release-macos-arm64, r-release-macos-x86_64, r-oldrel-macos-arm64, r-oldrel-macos-x86_64