Last updated on 2024-08-16 12:49:16 CEST.
Flavor | Version | Tinstall | Tcheck | Ttotal | Status | Flags |
---|---|---|---|---|---|---|
r-devel-linux-x86_64-debian-clang | 1.3.0 | 14.41 | 48.27 | 62.68 | OK | |
r-devel-linux-x86_64-debian-gcc | 1.3.0 | 9.87 | 37.25 | 47.12 | OK | |
r-devel-linux-x86_64-fedora-clang | 1.3.0 | 105.72 | OK | |||
r-devel-linux-x86_64-fedora-gcc | 1.3.0 | 116.45 | OK | |||
r-devel-windows-x86_64 | 1.3.0 | 19.00 | 96.00 | 115.00 | OK | |
r-patched-linux-x86_64 | 1.3.0 | 12.46 | 46.07 | 58.53 | OK | |
r-release-linux-x86_64 | 1.3.0 | 11.91 | 46.71 | 58.62 | OK | |
r-release-macos-arm64 | 1.3.0 | 58.00 | OK | |||
r-release-macos-x86_64 | 1.3.0 | 68.00 | ERROR | |||
r-release-windows-x86_64 | 1.3.0 | 19.00 | 94.00 | 113.00 | OK | |
r-oldrel-macos-arm64 | 1.3.0 | 64.00 | OK | |||
r-oldrel-macos-x86_64 | 1.3.0 | 116.00 | OK | |||
r-oldrel-windows-x86_64 | 1.3.0 | 23.00 | 105.00 | 128.00 | OK |
Version: 1.3.0
Check: re-building of vignette outputs
Result: ERROR
Error(s) in re-building vignettes:
--- re-building ‘promises_01_motivation.Rmd’ using rmarkdown
--- finished re-building ‘promises_01_motivation.Rmd’
--- re-building ‘promises_02_intro.Rmd’ using rmarkdown
--- finished re-building ‘promises_02_intro.Rmd’
--- re-building ‘promises_03_overview.Rmd’ using rmarkdown
--- finished re-building ‘promises_03_overview.Rmd’
--- re-building ‘promises_04_futures.Rmd’ using rmarkdown
Error: processing vignette 'promises_04_futures.Rmd' failed with diagnostics:
there is no package called ‘jquerylib’
--- failed re-building ‘promises_04_futures.Rmd’
--- re-building ‘promises_05_future_promise.Rmd’ using rmarkdown
--- finished re-building ‘promises_05_future_promise.Rmd’
--- re-building ‘promises_06_shiny.Rmd’ using rmarkdown
--- finished re-building ‘promises_06_shiny.Rmd’
--- re-building ‘promises_07_combining.Rmd’ using rmarkdown
--- finished re-building ‘promises_07_combining.Rmd’
--- re-building ‘promises_08_casestudy.Rmd’ using rmarkdown
--- finished re-building ‘promises_08_casestudy.Rmd’
SUMMARY: processing the following file failed:
‘promises_04_futures.Rmd’
Error: Vignette re-building failed.
Execution halted
Flavor: r-release-macos-x86_64