Last updated on 2025-04-29 01:49:43 CEST.
Flavor | Version | Tinstall | Tcheck | Ttotal | Status | Flags |
---|---|---|---|---|---|---|
r-devel-linux-x86_64-debian-clang | 1.2 | 5.59 | 53.36 | 58.95 | OK | |
r-devel-linux-x86_64-debian-gcc | 1.2 | 5.26 | 39.40 | 44.66 | NOTE | |
r-devel-linux-x86_64-fedora-clang | 1.2 | 90.98 | OK | |||
r-devel-linux-x86_64-fedora-gcc | 1.2 | 87.33 | OK | |||
r-devel-windows-x86_64 | 1.2 | 7.00 | 63.00 | 70.00 | OK | |
r-patched-linux-x86_64 | 1.2 | 6.99 | 50.85 | 57.84 | OK | |
r-release-linux-x86_64 | 1.2 | 6.25 | 50.39 | 56.64 | OK | |
r-release-macos-arm64 | 1.2 | 31.00 | OK | |||
r-release-macos-x86_64 | 1.2 | 54.00 | OK | |||
r-release-windows-x86_64 | 1.2 | 7.00 | 67.00 | 74.00 | OK | |
r-oldrel-macos-arm64 | 1.2 | 29.00 | OK | |||
r-oldrel-macos-x86_64 | 1.2 | 55.00 | OK | |||
r-oldrel-windows-x86_64 | 1.2 | 10.00 | 73.00 | 83.00 | OK |
Version: 1.2
Check: CRAN incoming feasibility
Result: NOTE
Maintainer: ‘Ziwei Zhu <ziweiz@umich.edu>’
No Authors@R field in DESCRIPTION.
Please add one, modifying
Authors@R: c(person(given = "Ziwei",
family = "Zhu",
role = c("aut", "cre"),
email = "ziweiz@umich.edu"),
person(given = "Tengyao",
family = "Wang",
role = "aut"),
person(given = c("Richard", "J."),
family = "Samworth",
role = "aut"))
as necessary.
The Description field contains
component analysis with heterogeneous missingness. <arXiv:1906.12125>.
Please refer to arXiv e-prints via their arXiv DOI <doi:10.48550/arXiv.YYMM.NNNNN>.
Flavor: r-devel-linux-x86_64-debian-gcc