CRAN Package Check Results for Package prettymapr

Last updated on 2025-05-19 01:50:03 CEST.

Flavor Version Tinstall Tcheck Ttotal Status Flags
r-devel-linux-x86_64-debian-clang 0.2.5 2.64 21.15 23.79 NOTE
r-devel-linux-x86_64-debian-gcc 0.2.5 1.95 16.64 18.59 NOTE
r-devel-linux-x86_64-fedora-clang 0.2.5 37.86 OK
r-devel-linux-x86_64-fedora-gcc 0.2.5 34.97 OK
r-devel-windows-x86_64 0.2.5 4.00 52.00 56.00 OK
r-patched-linux-x86_64 0.2.5 2.98 20.32 23.30 OK
r-release-linux-x86_64 0.2.5 2.60 20.26 22.86 OK
r-release-macos-arm64 0.2.5 17.00 OK
r-release-macos-x86_64 0.2.5 27.00 OK
r-release-windows-x86_64 0.2.5 4.00 54.00 58.00 OK
r-oldrel-macos-arm64 0.2.5 16.00 OK
r-oldrel-macos-x86_64 0.2.5 23.00 OK
r-oldrel-windows-x86_64 0.2.5 5.00 46.00 51.00 OK

Check Details

Version: 0.2.5
Check: CRAN incoming feasibility
Result: NOTE Maintainer: ‘Dewey Dunnington <dewey@fishandwhistle.net>’ No Authors@R field in DESCRIPTION. Please add one, modifying Authors@R: person(given = "Dewey", family = "Dunnington", role = c("aut", "cre"), email = "dewey@fishandwhistle.net") as necessary. Flavors: r-devel-linux-x86_64-debian-clang, r-devel-linux-x86_64-debian-gcc