Last updated on 2025-05-19 01:50:03 CEST.
Flavor | Version | Tinstall | Tcheck | Ttotal | Status | Flags |
---|---|---|---|---|---|---|
r-devel-linux-x86_64-debian-clang | 0.1-19 | 30.61 | 219.86 | 250.47 | OK | |
r-devel-linux-x86_64-debian-gcc | 0.1-19 | 18.73 | 142.05 | 160.78 | OK | |
r-devel-linux-x86_64-fedora-clang | 0.1-19 | 406.20 | OK | |||
r-devel-linux-x86_64-fedora-gcc | 0.1-19 | 412.02 | OK | |||
r-devel-windows-x86_64 | 0.1-19 | 26.00 | 189.00 | 215.00 | OK | |
r-patched-linux-x86_64 | 0.1-19 | 28.89 | 206.44 | 235.33 | OK | |
r-release-linux-x86_64 | 0.1-19 | 27.26 | 209.02 | 236.28 | OK | |
r-release-macos-arm64 | 0.1-19 | 113.00 | OK | |||
r-release-macos-x86_64 | 0.1-19 | 217.00 | OK | |||
r-release-windows-x86_64 | 0.1-19 | 28.00 | 192.00 | 220.00 | OK | |
r-oldrel-macos-arm64 | 0.1-19 | 103.00 | NOTE | |||
r-oldrel-macos-x86_64 | 0.1-19 | 201.00 | NOTE | |||
r-oldrel-windows-x86_64 | 0.1-17 | 42.00 | 246.00 | 288.00 | NOTE |
Version: 0.1-19
Check: installed package size
Result: NOTE
installed size is 5.9Mb
sub-directories of 1Mb or more:
R 4.5Mb
Flavors: r-oldrel-macos-arm64, r-oldrel-macos-x86_64
Version: 0.1-17
Check: installed package size
Result: NOTE
installed size is 5.1Mb
sub-directories of 1Mb or more:
R 3.7Mb
Flavor: r-oldrel-windows-x86_64