Last updated on 2025-04-29 01:49:43 CEST.
Flavor | Version | Tinstall | Tcheck | Ttotal | Status | Flags |
---|---|---|---|---|---|---|
r-devel-linux-x86_64-debian-clang | 0.2.1 | 5.50 | 296.58 | 302.08 | NOTE | |
r-devel-linux-x86_64-debian-gcc | 0.2.1 | 4.07 | 175.03 | 179.10 | NOTE | |
r-devel-linux-x86_64-fedora-clang | 0.2.1 | 485.97 | NOTE | |||
r-devel-linux-x86_64-fedora-gcc | 0.2.1 | 526.31 | NOTE | |||
r-devel-windows-x86_64 | 0.2.1 | 8.00 | 209.00 | 217.00 | NOTE | |
r-patched-linux-x86_64 | 0.2.1 | 5.13 | 271.87 | 277.00 | NOTE | |
r-release-linux-x86_64 | 0.2.1 | 5.22 | 267.44 | 272.66 | NOTE | |
r-release-macos-arm64 | 0.2.1 | 92.00 | NOTE | |||
r-release-macos-x86_64 | 0.2.1 | 241.00 | NOTE | |||
r-release-windows-x86_64 | 0.2.1 | 7.00 | 214.00 | 221.00 | NOTE | |
r-oldrel-macos-arm64 | 0.2.1 | 118.00 | OK | |||
r-oldrel-macos-x86_64 | 0.2.1 | 231.00 | OK | |||
r-oldrel-windows-x86_64 | 0.2.1 | 9.00 | 425.00 | 434.00 | OK |
Version: 0.2.1
Check: DESCRIPTION meta-information
Result: NOTE
Missing dependency on R >= 4.1.0 because package code uses the pipe
|> or function shorthand \(...) syntax added in R 4.1.0.
File(s) using such syntax:
‘save.R’
Flavors: r-devel-linux-x86_64-debian-clang, r-devel-linux-x86_64-debian-gcc, r-devel-linux-x86_64-fedora-clang, r-devel-linux-x86_64-fedora-gcc, r-devel-windows-x86_64, r-patched-linux-x86_64, r-release-linux-x86_64, r-release-macos-arm64, r-release-macos-x86_64, r-release-windows-x86_64
Version: 0.2.1
Check: examples
Result: NOTE
Examples with CPU (user + system) or elapsed time > 5s
user system elapsed
plot.powRICLPM 4.799 0.239 6.406
Flavor: r-devel-linux-x86_64-debian-gcc