Last updated on 2024-06-30 00:59:22 CEST.
Flavor | Version | Tinstall | Tcheck | Ttotal | Status | Flags |
---|---|---|---|---|---|---|
r-devel-linux-x86_64-debian-clang | 1.0.1 | 33.53 | 257.52 | 291.05 | OK | |
r-devel-linux-x86_64-debian-gcc | 1.0.1 | 29.56 | 186.14 | 215.70 | OK | |
r-devel-linux-x86_64-fedora-clang | 1.0.1 | 361.83 | NOTE | |||
r-devel-linux-x86_64-fedora-gcc | 1.0.1 | 371.33 | NOTE | |||
r-devel-windows-x86_64 | 1.0.1 | 26.00 | 194.00 | 220.00 | OK | |
r-patched-linux-x86_64 | 1.0.1 | 37.92 | 240.28 | 278.20 | OK | |
r-release-linux-x86_64 | 1.0.1 | 21.51 | 242.09 | 263.60 | OK | |
r-release-macos-arm64 | 1.0.1 | 91.00 | OK | |||
r-release-macos-x86_64 | 1.0.1 | 149.00 | OK | |||
r-release-windows-x86_64 | 1.0.1 | 30.00 | 192.00 | 222.00 | OK | |
r-oldrel-macos-arm64 | 1.0.1 | 92.00 | OK | |||
r-oldrel-macos-x86_64 | 1.0.1 | 197.00 | OK | |||
r-oldrel-windows-x86_64 | 1.0.1 | 41.00 | 246.00 | 287.00 | OK |
Version: 1.0.1
Check: Rd cross-references
Result: NOTE
Undeclared package ‘emdi’ in Rd xrefs
Flavor: r-devel-linux-x86_64-fedora-clang
Version: 1.0.1
Check: data for non-ASCII characters
Result: NOTE
Note: found 3208 marked UTF-8 strings
Flavors: r-devel-linux-x86_64-fedora-clang, r-devel-linux-x86_64-fedora-gcc