Last updated on 2025-04-29 01:49:43 CEST.
Flavor | Version | Tinstall | Tcheck | Ttotal | Status | Flags |
---|---|---|---|---|---|---|
r-devel-linux-x86_64-debian-clang | 1.4-1 | 2.47 | 33.89 | 36.36 | OK | |
r-devel-linux-x86_64-debian-gcc | 1.4-1 | 1.78 | 27.39 | 29.17 | NOTE | |
r-devel-linux-x86_64-fedora-clang | 1.4-1 | 54.97 | OK | |||
r-devel-linux-x86_64-fedora-gcc | 1.4-1 | 67.22 | OK | |||
r-devel-windows-x86_64 | 1.4-1 | 3.00 | 51.00 | 54.00 | OK | |
r-patched-linux-x86_64 | 1.4-1 | 2.77 | 33.17 | 35.94 | OK | |
r-release-linux-x86_64 | 1.4-1 | 2.29 | 33.41 | 35.70 | OK | |
r-release-macos-arm64 | 1.4-1 | 28.00 | OK | |||
r-release-macos-x86_64 | 1.4-1 | 42.00 | OK | |||
r-release-windows-x86_64 | 1.4-1 | 3.00 | 61.00 | 64.00 | OK | |
r-oldrel-macos-arm64 | 1.4-1 | 36.00 | OK | |||
r-oldrel-macos-x86_64 | 1.4-1 | 34.00 | OK | |||
r-oldrel-windows-x86_64 | 1.4-1 | 4.00 | 54.00 | 58.00 | OK |
Version: 1.4-1
Check: CRAN incoming feasibility
Result: NOTE
Maintainer: ‘Bill Venables <Bill.Venables@gmail.com>’
Package CITATION file contains call(s) to old-style citEntry(). Please
use bibentry() instead.
Flavor: r-devel-linux-x86_64-debian-gcc