Last updated on 2025-04-29 01:49:43 CEST.
Flavor | Version | Tinstall | Tcheck | Ttotal | Status | Flags |
---|---|---|---|---|---|---|
r-devel-linux-x86_64-debian-clang | 1.5 | 13.90 | 428.93 | 442.83 | OK | |
r-devel-linux-x86_64-debian-gcc | 1.5 | 9.59 | 286.30 | 295.89 | NOTE | |
r-devel-linux-x86_64-fedora-clang | 1.5 | 560.25 | OK | |||
r-devel-linux-x86_64-fedora-gcc | 1.5 | 534.17 | OK | |||
r-devel-windows-x86_64 | 1.5 | 15.00 | 277.00 | 292.00 | OK | |
r-patched-linux-x86_64 | 1.5 | 12.94 | 314.12 | 327.06 | OK | |
r-release-linux-x86_64 | 1.5 | 10.58 | 318.25 | 328.83 | OK | |
r-release-macos-arm64 | 1.5 | 138.00 | OK | |||
r-release-macos-x86_64 | 1.5 | 299.00 | OK | |||
r-release-windows-x86_64 | 1.5 | 14.00 | 279.00 | 293.00 | OK | |
r-oldrel-macos-arm64 | 1.5 | 138.00 | OK | |||
r-oldrel-macos-x86_64 | 1.5 | 433.00 | OK | |||
r-oldrel-windows-x86_64 | 1.5 | 20.00 | 362.00 | 382.00 | OK |
Version: 1.5
Check: examples
Result: NOTE
Examples with CPU (user + system) or elapsed time > 5s
user system elapsed
policy_eval 3.806 0.052 5.306
Flavor: r-devel-linux-x86_64-debian-gcc