Last updated on 2024-06-30 00:59:21 CEST.
Flavor | Version | Tinstall | Tcheck | Ttotal | Status | Flags |
---|---|---|---|---|---|---|
r-devel-linux-x86_64-debian-clang | 1.0.0 | 46.18 | 37.12 | 83.30 | NOTE | |
r-devel-linux-x86_64-debian-gcc | 1.0.0 | 33.98 | 27.86 | 61.84 | NOTE | |
r-devel-linux-x86_64-fedora-clang | 1.0.0 | 124.32 | NOTE | |||
r-devel-linux-x86_64-fedora-gcc | 1.0.0 | 122.08 | NOTE | |||
r-devel-windows-x86_64 | 1.0.0 | 38.00 | 67.00 | 105.00 | NOTE | |
r-patched-linux-x86_64 | 1.0.0 | 39.04 | 35.89 | 74.93 | NOTE | |
r-release-linux-x86_64 | 1.0.0 | 45.91 | 36.93 | 82.84 | NOTE | |
r-release-macos-arm64 | 1.0.0 | 30.00 | NOTE | |||
r-release-macos-x86_64 | 1.0.0 | 38.00 | NOTE | |||
r-release-windows-x86_64 | 1.0.0 | 38.00 | 65.00 | 103.00 | NOTE | |
r-oldrel-macos-arm64 | 1.0.0 | 34.00 | NOTE | |||
r-oldrel-macos-x86_64 | 1.0.0 | 53.00 | NOTE | |||
r-oldrel-windows-x86_64 | 1.0.0 | 47.00 | 76.00 | 123.00 | NOTE |
Version: 1.0.0
Check: C++ specification
Result: NOTE
Specified C++11: please drop specification unless essential
Flavors: r-devel-linux-x86_64-debian-clang, r-devel-linux-x86_64-debian-gcc, r-devel-linux-x86_64-fedora-clang, r-devel-linux-x86_64-fedora-gcc, r-devel-windows-x86_64, r-patched-linux-x86_64, r-release-linux-x86_64, r-release-macos-arm64, r-release-macos-x86_64, r-release-windows-x86_64, r-oldrel-macos-arm64, r-oldrel-macos-x86_64, r-oldrel-windows-x86_64