Last updated on 2025-04-29 01:49:43 CEST.
Flavor | Version | Tinstall | Tcheck | Ttotal | Status | Flags |
---|---|---|---|---|---|---|
r-devel-linux-x86_64-debian-clang | 1.1.0 | 11.67 | 227.54 | 239.21 | OK | |
r-devel-linux-x86_64-debian-gcc | 1.1.0 | 7.92 | 157.45 | 165.37 | NOTE | |
r-devel-linux-x86_64-fedora-clang | 1.1.0 | 367.10 | OK | |||
r-devel-linux-x86_64-fedora-gcc | 1.1.0 | 371.69 | OK | |||
r-devel-windows-x86_64 | 1.1.0 | 12.00 | 189.00 | 201.00 | OK | |
r-patched-linux-x86_64 | 1.1.0 | 12.64 | 217.87 | 230.51 | OK | |
r-release-linux-x86_64 | 1.1.0 | 10.90 | 215.08 | 225.98 | OK | |
r-release-macos-arm64 | 1.1.0 | 120.00 | OK | |||
r-release-macos-x86_64 | 1.1.0 | 223.00 | OK | |||
r-release-windows-x86_64 | 1.1.0 | 13.00 | 189.00 | 202.00 | OK | |
r-oldrel-macos-arm64 | 1.1.0 | 83.00 | OK | |||
r-oldrel-macos-x86_64 | 1.1.0 | 137.00 | OK | |||
r-oldrel-windows-x86_64 | 1.1.0 | 16.00 | 245.00 | 261.00 | OK |
Version: 1.1.0
Check: examples
Result: NOTE
Examples with CPU (user + system) or elapsed time > 5s
user system elapsed
getNeighbors 4.779 0.074 6.382
Flavor: r-devel-linux-x86_64-debian-gcc