CRAN Package Check Results for Package placer

Last updated on 2025-07-17 12:50:07 CEST.

Flavor Version Tinstall Tcheck Ttotal Status Flags
r-devel-linux-x86_64-debian-clang 0.1.3 1.69 76.77 78.46 NOTE
r-devel-linux-x86_64-debian-gcc 0.1.3 1.38 50.02 51.40 NOTE
r-devel-linux-x86_64-fedora-clang 0.1.3 115.01 OK
r-devel-linux-x86_64-fedora-gcc 0.1.3 128.36 OK
r-devel-windows-x86_64 0.1.3 4.00 82.00 86.00 OK
r-patched-linux-x86_64 0.1.3 1.54 73.04 74.58 OK
r-release-linux-x86_64 0.1.3 1.46 72.61 74.07 OK
r-release-macos-arm64 0.1.3 41.00 OK
r-release-macos-x86_64 0.1.3 81.00 OK
r-release-windows-x86_64 0.1.3 2.00 82.00 84.00 OK
r-oldrel-macos-arm64 0.1.3 42.00 OK
r-oldrel-macos-x86_64 0.1.3 61.00 OK
r-oldrel-windows-x86_64 0.1.3 4.00 102.00 106.00 OK

Check Details

Version: 0.1.3
Check: CRAN incoming feasibility
Result: NOTE Maintainer: ‘Davi Castro-Tavares <davi.tavares@leibniz-zmt.de>’ Package CITATION file contains call(s) to old-style personList() or as.personList(). Please use c() on person objects instead. Package CITATION file contains call(s) to old-style citEntry(). Please use bibentry() instead. Flavors: r-devel-linux-x86_64-debian-clang, r-devel-linux-x86_64-debian-gcc