Last updated on 2025-05-19 01:50:02 CEST.
Flavor | Version | Tinstall | Tcheck | Ttotal | Status | Flags |
---|---|---|---|---|---|---|
r-devel-linux-x86_64-debian-clang | 0.1.3 | 87.38 | 68.68 | 156.06 | OK | |
r-devel-linux-x86_64-debian-gcc | 0.1.3 | 77.50 | 59.16 | 136.66 | OK | |
r-devel-linux-x86_64-fedora-clang | 0.1.3 | 255.25 | OK | |||
r-devel-linux-x86_64-fedora-gcc | 0.1.3 | 323.16 | OK | |||
r-devel-windows-x86_64 | 0.1.3 | 88.00 | 119.00 | 207.00 | OK | |
r-patched-linux-x86_64 | 0.1.3 | 101.71 | 74.83 | 176.54 | OK | |
r-release-linux-x86_64 | 0.1.3 | 97.31 | 74.71 | 172.02 | OK | |
r-release-macos-arm64 | 0.1.3 | 76.00 | OK | |||
r-release-macos-x86_64 | 0.1.3 | 107.00 | OK | |||
r-release-windows-x86_64 | 0.1.3 | 88.00 | 112.00 | 200.00 | OK | |
r-oldrel-macos-arm64 | 0.1.3 | 75.00 | NOTE | |||
r-oldrel-macos-x86_64 | 0.1.3 | 87.00 | NOTE | |||
r-oldrel-windows-x86_64 | 0.1.3 | 106.00 | 131.00 | 237.00 | OK |
Version: 0.1.3
Check: installed package size
Result: NOTE
installed size is 28.9Mb
sub-directories of 1Mb or more:
libs 28.8Mb
Flavors: r-oldrel-macos-arm64, r-oldrel-macos-x86_64