Last updated on 2025-05-07 00:50:31 CEST.
Flavor | Version | Tinstall | Tcheck | Ttotal | Status | Flags |
---|---|---|---|---|---|---|
r-devel-linux-x86_64-debian-clang | 0.1.3 | 4.79 | 41.19 | 45.98 | NOTE | |
r-devel-linux-x86_64-debian-gcc | 0.1.3 | 3.82 | 29.44 | 33.26 | NOTE | |
r-devel-linux-x86_64-fedora-clang | 0.1.3 | 72.40 | OK | |||
r-devel-linux-x86_64-fedora-gcc | 0.1.3 | 69.49 | OK | |||
r-devel-windows-x86_64 | 0.1.3 | 6.00 | 65.00 | 71.00 | OK | |
r-patched-linux-x86_64 | 0.1.3 | 6.34 | 38.71 | 45.05 | OK | |
r-release-linux-x86_64 | 0.1.3 | 3.74 | 38.89 | 42.63 | OK | |
r-release-macos-arm64 | 0.1.3 | 27.00 | OK | |||
r-release-macos-x86_64 | 0.1.3 | 42.00 | OK | |||
r-release-windows-x86_64 | 0.1.3 | 7.00 | 68.00 | 75.00 | OK | |
r-oldrel-macos-arm64 | 0.1.3 | 23.00 | OK | |||
r-oldrel-macos-x86_64 | 0.1.3 | 37.00 | OK | |||
r-oldrel-windows-x86_64 | 0.1.3 | 6.00 | 74.00 | 80.00 | OK |
Version: 0.1.3
Check: CRAN incoming feasibility
Result: NOTE
Maintainer: ‘Kyun-Seop Bae <k@acr.kr>’
No Authors@R field in DESCRIPTION.
Please add one, modifying
Authors@R: c(person(given = "Kyun-Seop",
family = "Bae",
role = c("aut", "cre"),
email = "k@acr.kr"),
person(given = c("Jee", "Eun"),
family = "Lee",
role = "aut"))
as necessary.
Flavors: r-devel-linux-x86_64-debian-clang, r-devel-linux-x86_64-debian-gcc