CRAN Package Check Results for Package pivmet

Last updated on 2025-04-29 01:49:43 CEST.

Flavor Version Tinstall Tcheck Ttotal Status Flags
r-devel-linux-x86_64-debian-clang 0.6.0 21.80 316.02 337.82 OK
r-devel-linux-x86_64-debian-gcc 0.6.0 16.25 195.44 211.69 NOTE
r-devel-linux-x86_64-fedora-clang 0.6.0 556.26 OK
r-devel-linux-x86_64-fedora-gcc 0.6.0 519.38 OK
r-devel-windows-x86_64 0.6.0 17.00 337.00 354.00 OK
r-patched-linux-x86_64 0.6.0 23.02 303.37 326.39 OK
r-release-linux-x86_64 0.6.0 23.82 308.91 332.73 OK
r-release-macos-arm64 0.6.0 146.00 OK
r-release-macos-x86_64 0.6.0 345.00 OK
r-release-windows-x86_64 0.6.0 16.00 346.00 362.00 OK
r-oldrel-macos-arm64 0.6.0 139.00 OK
r-oldrel-macos-x86_64 0.6.0 337.00 OK
r-oldrel-windows-x86_64 0.6.0 21.00 459.00 480.00 OK

Check Details

Version: 0.6.0
Check: CRAN incoming feasibility
Result: NOTE Maintainer: ‘Leonardo Egidi <legidi@units.it>’ No Authors@R field in DESCRIPTION. Please add one, modifying Authors@R: c(person(given = "Leonardo", family = "Egidi", role = c("aut", "cre"), email = "legidi@units.it"), person(given = "Roberta", family = "Pappadà", role = "aut"), person(given = "Francesco", family = "Pauli", role = "aut"), person(given = "Nicola", family = "Torelli", role = "aut")) as necessary. Flavor: r-devel-linux-x86_64-debian-gcc