Last updated on 2025-04-29 01:49:42 CEST.
Flavor | Version | Tinstall | Tcheck | Ttotal | Status | Flags |
---|---|---|---|---|---|---|
r-devel-linux-x86_64-debian-clang | 0.0.1 | 2.25 | 21.81 | 24.06 | OK | |
r-devel-linux-x86_64-debian-gcc | 0.0.1 | 1.79 | 17.64 | 19.43 | NOTE | |
r-devel-linux-x86_64-fedora-clang | 0.0.1 | 39.12 | OK | |||
r-devel-linux-x86_64-fedora-gcc | 0.0.1 | 37.07 | OK | |||
r-devel-windows-x86_64 | 0.0.1 | 3.00 | 49.00 | 52.00 | OK | |
r-patched-linux-x86_64 | 0.0.1 | 2.20 | 21.06 | 23.26 | OK | |
r-release-linux-x86_64 | 0.0.1 | 2.16 | 21.52 | 23.68 | OK | |
r-release-macos-arm64 | 0.0.1 | 17.00 | OK | |||
r-release-macos-x86_64 | 0.0.1 | 40.00 | OK | |||
r-release-windows-x86_64 | 0.0.1 | 3.00 | 50.00 | 53.00 | OK | |
r-oldrel-macos-arm64 | 0.0.1 | 17.00 | OK | |||
r-oldrel-macos-x86_64 | 0.0.1 | 30.00 | OK | |||
r-oldrel-windows-x86_64 | 0.0.1 | 3.00 | 48.00 | 51.00 | OK |
Version: 0.0.1
Check: CRAN incoming feasibility
Result: NOTE
Maintainer: ‘Xia Hua <xia.hua@anu.edu.au>’
No Authors@R field in DESCRIPTION.
Please add one, modifying
Authors@R: c(person(given = "Xia",
family = "Hua",
role = c("aut", "cre"),
email = "xia.hua@anu.edu.au"),
person(given = "Lindell",
family = "Bromham",
role = "aut",
email = "lindell.bromham@anu.edu.au"))
as necessary.
Flavor: r-devel-linux-x86_64-debian-gcc