Last updated on 2025-05-19 01:50:02 CEST.
Flavor | Version | Tinstall | Tcheck | Ttotal | Status | Flags |
---|---|---|---|---|---|---|
r-devel-linux-x86_64-debian-clang | 0.2.0 | 9.70 | 94.73 | 104.43 | NOTE | |
r-devel-linux-x86_64-debian-gcc | 0.2.0 | 6.46 | 68.61 | 75.07 | NOTE | |
r-devel-linux-x86_64-fedora-clang | 0.2.0 | 161.64 | NOTE | |||
r-devel-linux-x86_64-fedora-gcc | 0.2.0 | 164.81 | NOTE | |||
r-devel-windows-x86_64 | 0.2.0 | 10.00 | 107.00 | 117.00 | NOTE | |
r-patched-linux-x86_64 | 0.2.0 | 8.56 | 89.16 | 97.72 | NOTE | |
r-release-linux-x86_64 | 0.2.0 | 8.47 | 90.32 | 98.79 | NOTE | |
r-release-macos-arm64 | 0.2.0 | 90.00 | NOTE | |||
r-release-macos-x86_64 | 0.2.0 | 172.00 | NOTE | |||
r-release-windows-x86_64 | 0.2.0 | 11.00 | 106.00 | 117.00 | NOTE | |
r-oldrel-macos-arm64 | 0.2.0 | 47.00 | OK | |||
r-oldrel-macos-x86_64 | 0.2.0 | 145.00 | OK | |||
r-oldrel-windows-x86_64 | 0.2.0 | 14.00 | 119.00 | 133.00 | OK |
Version: 0.2.0
Check: DESCRIPTION meta-information
Result: NOTE
Missing dependency on R >= 4.1.0 because package code uses the pipe
|> or function shorthand \(...) syntax added in R 4.1.0.
File(s) using such syntax:
‘phylepic.R’ ‘plot.phylepic.R’ ‘plot_tree.R’
Flavors: r-devel-linux-x86_64-debian-clang, r-devel-linux-x86_64-debian-gcc, r-devel-linux-x86_64-fedora-clang, r-devel-linux-x86_64-fedora-gcc, r-devel-windows-x86_64, r-patched-linux-x86_64, r-release-linux-x86_64, r-release-macos-arm64, r-release-macos-x86_64, r-release-windows-x86_64