Last updated on 2024-08-16 12:49:15 CEST.
Flavor | Version | Tinstall | Tcheck | Ttotal | Status | Flags |
---|---|---|---|---|---|---|
r-devel-linux-x86_64-debian-clang | 0.1.0 | 5.96 | 44.29 | 50.25 | OK | |
r-devel-linux-x86_64-debian-gcc | 0.1.0 | 4.05 | 33.86 | 37.91 | OK | |
r-devel-linux-x86_64-fedora-clang | 0.1.0 | 79.73 | NOTE | |||
r-devel-linux-x86_64-fedora-gcc | 0.1.0 | 91.30 | NOTE | |||
r-devel-windows-x86_64 | 0.1.0 | 10.00 | 67.00 | 77.00 | OK | |
r-patched-linux-x86_64 | 0.1.0 | 5.82 | 41.99 | 47.81 | OK | |
r-release-linux-x86_64 | 0.1.0 | 5.23 | 41.66 | 46.89 | OK | |
r-release-macos-arm64 | 0.1.0 | 37.00 | OK | |||
r-release-macos-x86_64 | 0.1.0 | 53.00 | OK | |||
r-release-windows-x86_64 | 0.1.0 | 10.00 | 64.00 | 74.00 | OK | |
r-oldrel-macos-arm64 | 0.1.0 | 37.00 | OK | |||
r-oldrel-macos-x86_64 | 0.1.0 | 50.00 | OK | |||
r-oldrel-windows-x86_64 | 0.1.0 | 11.00 | 68.00 | 79.00 | OK |
Version: 0.1.0
Check: data for non-ASCII characters
Result: NOTE
Note: found 114 marked UTF-8 strings
Flavors: r-devel-linux-x86_64-fedora-clang, r-devel-linux-x86_64-fedora-gcc