Last updated on 2025-04-29 01:49:42 CEST.
Flavor | Version | Tinstall | Tcheck | Ttotal | Status | Flags |
---|---|---|---|---|---|---|
r-devel-linux-x86_64-debian-clang | 1.0.2 | 9.05 | 60.08 | 69.13 | OK | |
r-devel-linux-x86_64-debian-gcc | 1.0.2 | 5.64 | 47.29 | 52.93 | NOTE | |
r-devel-linux-x86_64-fedora-clang | 1.0.2 | 113.91 | OK | |||
r-devel-linux-x86_64-fedora-gcc | 1.0.2 | 106.06 | OK | |||
r-devel-windows-x86_64 | 1.0.2 | 11.00 | 83.00 | 94.00 | OK | |
r-patched-linux-x86_64 | 1.0.2 | 8.80 | 63.13 | 71.93 | OK | |
r-release-linux-x86_64 | 1.0.2 | 7.43 | 62.70 | 70.13 | OK | |
r-release-macos-arm64 | 1.0.2 | 33.00 | OK | |||
r-release-macos-x86_64 | 1.0.2 | 60.00 | OK | |||
r-release-windows-x86_64 | 1.0.2 | 12.00 | 84.00 | 96.00 | OK | |
r-oldrel-macos-arm64 | 1.0.2 | 30.00 | OK | |||
r-oldrel-macos-x86_64 | 1.0.2 | 49.00 | OK | |||
r-oldrel-windows-x86_64 | 1.0.2 | 13.00 | 94.00 | 107.00 | OK |
Version: 1.0.2
Check: CRAN incoming feasibility
Result: NOTE
Maintainer: ‘Lu Zhang <luzhangstat@gmail.com>’
No Authors@R field in DESCRIPTION.
Please add one, modifying
Authors@R: c(person(given = "Lu",
family = "Zhang",
role = c("aut", "cre"),
email = "luzhangstat@gmail.com"),
person(given = "Jun",
family = "Yin",
role = "aut"))
as necessary.
Flavor: r-devel-linux-x86_64-debian-gcc