Last updated on 2024-08-16 12:49:15 CEST.
Flavor | Version | Tinstall | Tcheck | Ttotal | Status | Flags |
---|---|---|---|---|---|---|
r-devel-linux-x86_64-debian-clang | 0.2.1 | 129.80 | 208.86 | 338.66 | NOTE | |
r-devel-linux-x86_64-debian-gcc | 0.2.1 | 117.31 | 162.91 | 280.22 | NOTE | |
r-devel-linux-x86_64-fedora-clang | 0.2.1 | 610.90 | NOTE | |||
r-devel-linux-x86_64-fedora-gcc | 0.2.1 | 754.40 | NOTE | |||
r-devel-windows-x86_64 | 0.2.1 | 134.00 | 278.00 | 412.00 | NOTE | |
r-patched-linux-x86_64 | 0.2.1 | 142.33 | 219.64 | 361.97 | NOTE | |
r-release-linux-x86_64 | 0.2.1 | 145.62 | 217.91 | 363.53 | NOTE | |
r-release-macos-arm64 | 0.2.1 | 137.00 | NOTE | |||
r-release-macos-x86_64 | 0.2.1 | 388.00 | NOTE | |||
r-release-windows-x86_64 | 0.2.1 | 129.00 | 278.00 | 407.00 | NOTE | |
r-oldrel-macos-arm64 | 0.2.1 | 111.00 | NOTE | |||
r-oldrel-macos-x86_64 | 0.2.1 | 249.00 | NOTE | |||
r-oldrel-windows-x86_64 | 0.2.1 | 175.00 | 335.00 | 510.00 | NOTE |
Version: 0.2.1
Check: for GNU extensions in Makefiles
Result: NOTE
GNU make is a SystemRequirements.
Flavors: r-devel-linux-x86_64-debian-clang, r-devel-linux-x86_64-debian-gcc, r-devel-linux-x86_64-fedora-clang, r-devel-linux-x86_64-fedora-gcc, r-devel-windows-x86_64, r-patched-linux-x86_64, r-release-linux-x86_64, r-release-macos-arm64, r-release-macos-x86_64, r-release-windows-x86_64, r-oldrel-macos-arm64, r-oldrel-macos-x86_64, r-oldrel-windows-x86_64
Version: 0.2.1
Check: installed package size
Result: NOTE
installed size is 40.7Mb
sub-directories of 1Mb or more:
libs 40.4Mb
Flavors: r-release-macos-arm64, r-release-macos-x86_64, r-oldrel-macos-arm64, r-oldrel-macos-x86_64