Last updated on 2025-04-29 01:49:42 CEST.
Flavor | Version | Tinstall | Tcheck | Ttotal | Status | Flags |
---|---|---|---|---|---|---|
r-devel-linux-x86_64-debian-clang | 0.1.3 | 11.16 | 96.00 | 107.16 | NOTE | |
r-devel-linux-x86_64-debian-gcc | 0.1.3 | 7.16 | 65.95 | 73.11 | NOTE | |
r-devel-linux-x86_64-fedora-clang | 0.1.3 | 175.21 | OK | |||
r-devel-linux-x86_64-fedora-gcc | 0.1.3 | 166.31 | OK | |||
r-devel-windows-x86_64 | 0.1.3 | 12.00 | 104.00 | 116.00 | NOTE | |
r-patched-linux-x86_64 | 0.1.3 | 10.35 | 89.50 | 99.85 | NOTE | |
r-release-linux-x86_64 | 0.1.3 | 11.53 | 90.24 | 101.77 | NOTE | |
r-release-macos-arm64 | 0.1.3 | 46.00 | OK | |||
r-release-macos-x86_64 | 0.1.3 | 85.00 | OK | |||
r-release-windows-x86_64 | 0.1.3 | 14.00 | 101.00 | 115.00 | NOTE | |
r-oldrel-macos-arm64 | 0.1.3 | 47.00 | OK | |||
r-oldrel-macos-x86_64 | 0.1.3 | 66.00 | OK | |||
r-oldrel-windows-x86_64 | 0.1.3 | 16.00 | 123.00 | 139.00 | OK |
Version: 0.1.3
Check: Rd cross-references
Result: NOTE
Found the following Rd file(s) with Rd \link{} targets missing package
anchors:
tw_complex.Rd: glmer, lmer
Please provide package anchors for all Rd \link{} targets not in the
package itself and the base packages.
Flavors: r-devel-linux-x86_64-debian-clang, r-devel-linux-x86_64-debian-gcc, r-devel-windows-x86_64, r-patched-linux-x86_64, r-release-linux-x86_64, r-release-windows-x86_64