Last updated on 2025-02-22 00:49:54 CET.
Flavor | Version | Tinstall | Tcheck | Ttotal | Status | Flags |
---|---|---|---|---|---|---|
r-devel-linux-x86_64-debian-clang | 2.0.2 | 84.82 | 212.76 | 297.58 | OK | |
r-devel-linux-x86_64-debian-gcc | 2.0.2 | 84.30 | 118.11 | 202.41 | OK | |
r-devel-linux-x86_64-fedora-clang | 2.0.2 | 514.37 | OK | |||
r-devel-linux-x86_64-fedora-gcc | 2.0.2 | 572.87 | OK | |||
r-devel-macos-arm64 | 2.0.2 | 143.00 | OK | |||
r-devel-macos-x86_64 | 2.0.2 | 276.00 | OK | |||
r-devel-windows-x86_64 | 2.0.2 | 230.00 | 206.00 | 436.00 | OK | |
r-patched-linux-x86_64 | 2.0.2 | 133.48 | 175.45 | 308.93 | OK | |
r-release-linux-x86_64 | 2.0.2 | 139.51 | 175.12 | 314.63 | OK | |
r-release-macos-arm64 | 2.0.2 | 166.00 | NOTE | |||
r-release-macos-x86_64 | 2.0.2 | 297.00 | NOTE | |||
r-release-windows-x86_64 | 2.0.2 | 236.00 | 214.00 | 450.00 | OK | |
r-oldrel-macos-arm64 | 2.0.2 | 147.00 | NOTE | |||
r-oldrel-macos-x86_64 | 2.0.2 | 260.00 | NOTE | |||
r-oldrel-windows-x86_64 | 2.0.2 | 313.00 | 299.00 | 612.00 | OK |
Version: 2.0.2
Check: installed package size
Result: NOTE
installed size is 5.7Mb
sub-directories of 1Mb or more:
libs 3.9Mb
Flavors: r-release-macos-arm64, r-release-macos-x86_64, r-oldrel-macos-arm64, r-oldrel-macos-x86_64