CRAN Package Check Results for Package pctax

Last updated on 2025-04-29 01:49:42 CEST.

Flavor Version Tinstall Tcheck Ttotal Status Flags
r-devel-linux-x86_64-debian-clang 0.1.3 11.24 112.74 123.98 OK
r-devel-linux-x86_64-debian-gcc 0.1.3 7.35 84.58 91.93 OK
r-devel-linux-x86_64-fedora-clang 0.1.3 211.50 OK
r-devel-linux-x86_64-fedora-gcc 0.1.3 198.77 OK
r-devel-windows-x86_64 0.1.3 13.00 149.00 162.00 OK
r-patched-linux-x86_64 0.1.3 12.68 111.32 124.00 OK
r-release-linux-x86_64 0.1.3 10.32 110.47 120.79 OK
r-release-macos-arm64 0.1.3 71.00 OK
r-release-macos-x86_64 0.1.3 111.00 OK
r-release-windows-x86_64 0.1.3 13.00 138.00 151.00 OK
r-oldrel-macos-arm64 0.1.3 63.00 OK
r-oldrel-macos-x86_64 0.1.3 79.00 NOTE
r-oldrel-windows-x86_64 0.1.3 17.00 168.00 185.00 OK

Check Details

Version: 0.1.3
Check: package dependencies
Result: NOTE Package suggested but not available for checking: ‘ggtreeExtra’ Flavor: r-oldrel-macos-x86_64