Last updated on 2024-08-16 12:49:15 CEST.
Flavor | Version | Tinstall | Tcheck | Ttotal | Status | Flags |
---|---|---|---|---|---|---|
r-devel-linux-x86_64-debian-clang | 0.0.5 | 48.96 | 341.67 | 390.63 | NOTE | |
r-devel-linux-x86_64-debian-gcc | 0.0.5 | 30.06 | 224.16 | 254.22 | NOTE | |
r-devel-linux-x86_64-fedora-clang | 0.0.5 | 623.67 | NOTE | |||
r-devel-linux-x86_64-fedora-gcc | 0.0.5 | 592.89 | NOTE | |||
r-devel-windows-x86_64 | 0.0.5 | 44.00 | 283.00 | 327.00 | NOTE | |
r-patched-linux-x86_64 | 0.0.5 | 44.86 | 318.31 | 363.17 | NOTE | |
r-release-linux-x86_64 | 0.0.5 | 44.21 | 322.34 | 366.55 | NOTE | |
r-release-macos-arm64 | 0.0.5 | 116.00 | NOTE | |||
r-release-macos-x86_64 | 0.0.5 | 378.00 | NOTE | |||
r-release-windows-x86_64 | 0.0.5 | 44.00 | 274.00 | 318.00 | NOTE | |
r-oldrel-macos-arm64 | 0.0.5 | 140.00 | OK | |||
r-oldrel-macos-x86_64 | 0.0.5 | 314.00 | OK | |||
r-oldrel-windows-x86_64 | 0.0.5 | 62.00 | 364.00 | 426.00 | OK |
Version: 0.0.5
Check: Rd files
Result: NOTE
checkRd: (-1) plotHeat.Rd:113: Lost braces
113 | code{\link[patternize]{patPCA}}, as 'one' when visualizing single image or as 'multi' for multi
| ^
Flavors: r-devel-linux-x86_64-debian-clang, r-devel-linux-x86_64-debian-gcc, r-devel-linux-x86_64-fedora-clang, r-devel-linux-x86_64-fedora-gcc, r-devel-windows-x86_64, r-patched-linux-x86_64, r-release-linux-x86_64, r-release-macos-arm64, r-release-macos-x86_64, r-release-windows-x86_64