CRAN Package Check Results for Package patternator

Last updated on 2025-05-19 12:50:11 CEST.

Flavor Version Tinstall Tcheck Ttotal Status Flags
r-devel-linux-x86_64-debian-clang 0.1.0 2.11 22.14 24.25 NOTE
r-devel-linux-x86_64-debian-gcc 0.1.0 1.57 17.12 18.69 NOTE
r-devel-linux-x86_64-fedora-clang 0.1.0 38.81 NOTE
r-devel-linux-x86_64-fedora-gcc 0.1.0 35.46 NOTE
r-devel-windows-x86_64 0.1.0 3.00 50.00 53.00 OK
r-patched-linux-x86_64 0.1.0 2.06 20.56 22.62 OK
r-release-linux-x86_64 0.1.0 1.85 20.38 22.23 OK
r-release-macos-arm64 0.1.0 16.00 OK
r-release-macos-x86_64 0.1.0 25.00 OK
r-release-windows-x86_64 0.1.0 4.00 53.00 57.00 OK
r-oldrel-macos-arm64 0.1.0 16.00 OK
r-oldrel-macos-x86_64 0.1.0 21.00 OK
r-oldrel-windows-x86_64 0.1.0 3.00 48.00 51.00 OK

Check Details

Version: 0.1.0
Check: CRAN incoming feasibility
Result: NOTE Maintainer: ‘Seong Hyun Hwang <krshh1412@gmail.com>’ No Authors@R field in DESCRIPTION. Please add one, modifying Authors@R: c(person(given = c("Seong", "Hyun"), family = "Hwang", role = c("aut", "cre"), email = "krshh1412@gmail.com"), person(given = c("Rachel", "Myoung"), family = "Moon", role = "aut")) as necessary. Flavors: r-devel-linux-x86_64-debian-clang, r-devel-linux-x86_64-debian-gcc

Version: 0.1.0
Check: dependencies in R code
Result: NOTE Namespace in Imports field not imported from: ‘graphics’ All declared Imports should be used. Flavors: r-devel-linux-x86_64-fedora-clang, r-devel-linux-x86_64-fedora-gcc