CRAN Package Check Results for Package pathwayTMB

Last updated on 2025-04-29 01:49:42 CEST.

Flavor Version Tinstall Tcheck Ttotal Status Flags
r-devel-linux-x86_64-debian-clang 0.1.3 16.73 144.52 161.25 OK
r-devel-linux-x86_64-debian-gcc 0.1.3 12.29 110.02 122.31 OK
r-devel-linux-x86_64-fedora-clang 0.1.3 258.55 NOTE
r-devel-linux-x86_64-fedora-gcc 0.1.3 256.20 NOTE
r-devel-windows-x86_64 0.1.3 20.00 141.00 161.00 OK
r-patched-linux-x86_64 0.1.3 16.70 142.94 159.64 OK
r-release-linux-x86_64 0.1.3 15.02 141.05 156.07 OK
r-release-macos-arm64 0.1.3 68.00 OK
r-release-macos-x86_64 0.1.3 129.00 OK
r-release-windows-x86_64 0.1.3 20.00 142.00 162.00 OK
r-oldrel-macos-arm64 0.1.3 70.00 OK
r-oldrel-macos-x86_64 0.1.3 110.00 OK
r-oldrel-windows-x86_64 0.1.3 26.00 178.00 204.00 OK

Check Details

Version: 0.1.3
Check: dependencies in R code
Result: NOTE Namespaces in Imports field not imported from: ‘clusterProfiler’ ‘purrr’ All declared Imports should be used. Flavors: r-devel-linux-x86_64-fedora-clang, r-devel-linux-x86_64-fedora-gcc