Last updated on 2024-08-16 12:49:15 CEST.
Flavor | Version | Tinstall | Tcheck | Ttotal | Status | Flags |
---|---|---|---|---|---|---|
r-devel-linux-x86_64-debian-clang | 2.4.1 | 10.20 | 243.76 | 253.96 | OK | |
r-devel-linux-x86_64-debian-gcc | 2.4.1 | 6.46 | 166.40 | 172.86 | OK | |
r-devel-linux-x86_64-fedora-clang | 2.4.1 | 404.86 | OK | |||
r-devel-linux-x86_64-fedora-gcc | 2.4.1 | 401.94 | OK | |||
r-devel-windows-x86_64 | 2.4.1 | 12.00 | 258.00 | 270.00 | OK | |
r-patched-linux-x86_64 | 2.4.1 | 9.87 | 229.30 | 239.17 | OK | |
r-release-linux-x86_64 | 2.4.1 | 9.93 | 229.97 | 239.90 | OK | |
r-release-macos-arm64 | 2.4.1 | 5.00 | ERROR | |||
r-release-macos-x86_64 | 2.4.1 | 10.00 | ERROR | |||
r-release-windows-x86_64 | 2.4.1 | 13.00 | 255.00 | 268.00 | OK | |
r-oldrel-macos-arm64 | 2.4.1 | 12.00 | ERROR | |||
r-oldrel-macos-x86_64 | 2.4.1 | 15.00 | ERROR | |||
r-oldrel-windows-x86_64 | 2.4.1 | 15.00 | 315.00 | 330.00 | OK |
Version: 2.4.1
Check: package dependencies
Result: ERROR
Package required but not available: ‘ggkegg’
See section ‘The DESCRIPTION file’ in the ‘Writing R Extensions’
manual.
Flavors: r-release-macos-arm64, r-release-macos-x86_64, r-oldrel-macos-arm64, r-oldrel-macos-x86_64