Last updated on 2025-04-29 01:49:42 CEST.
Flavor | Version | Tinstall | Tcheck | Ttotal | Status | Flags |
---|---|---|---|---|---|---|
r-devel-linux-x86_64-debian-clang | 0.9.2 | 3.66 | 156.18 | 159.84 | OK | |
r-devel-linux-x86_64-debian-gcc | 0.9.2 | 2.57 | 110.11 | 112.68 | NOTE | |
r-devel-linux-x86_64-fedora-clang | 0.9.2 | 272.91 | NOTE | |||
r-devel-linux-x86_64-fedora-gcc | 0.9.2 | 269.26 | NOTE | |||
r-devel-windows-x86_64 | 0.9.2 | 5.00 | 177.00 | 182.00 | OK | |
r-patched-linux-x86_64 | 0.9.2 | 3.94 | 151.50 | 155.44 | OK | |
r-release-linux-x86_64 | 0.9.2 | 3.10 | 152.14 | 155.24 | OK | |
r-release-macos-arm64 | 0.9.2 | 79.00 | OK | |||
r-release-macos-x86_64 | 0.9.2 | 166.00 | OK | |||
r-release-windows-x86_64 | 0.9.2 | 6.00 | 181.00 | 187.00 | OK | |
r-oldrel-macos-arm64 | 0.9.2 | 77.00 | OK | |||
r-oldrel-macos-x86_64 | 0.9.2 | 111.00 | OK | |||
r-oldrel-windows-x86_64 | 0.9.2 | 8.00 | 222.00 | 230.00 | OK |
Version: 0.9.2
Check: examples
Result: NOTE
Examples with CPU (user + system) or elapsed time > 5s
user system elapsed
partR2 4.393 0.16 5.294
Flavor: r-devel-linux-x86_64-debian-gcc
Version: 0.9.2
Check: dependencies in R code
Result: NOTE
Namespace in Imports field not imported from: ‘methods’
All declared Imports should be used.
Flavors: r-devel-linux-x86_64-fedora-clang, r-devel-linux-x86_64-fedora-gcc