Last updated on 2025-04-29 01:49:42 CEST.
Flavor | Version | Tinstall | Tcheck | Ttotal | Status | Flags |
---|---|---|---|---|---|---|
r-devel-linux-x86_64-debian-clang | 0.9.14 | 10.55 | 202.95 | 213.50 | OK | |
r-devel-linux-x86_64-debian-gcc | 0.9.14 | 6.02 | 168.25 | 174.27 | NOTE | |
r-devel-linux-x86_64-fedora-clang | 0.9.14 | 336.52 | OK | |||
r-devel-linux-x86_64-fedora-gcc | 0.9.14 | 335.65 | OK | |||
r-devel-windows-x86_64 | 0.9.14 | 10.00 | 216.00 | 226.00 | OK | |
r-patched-linux-x86_64 | 0.9.14 | 8.67 | 188.58 | 197.25 | OK | |
r-release-linux-x86_64 | 0.9.14 | 8.14 | 188.47 | 196.61 | OK | |
r-release-macos-arm64 | 0.9.14 | 101.00 | OK | |||
r-release-macos-x86_64 | 0.9.14 | 207.00 | OK | |||
r-release-windows-x86_64 | 0.9.14 | 10.00 | 214.00 | 224.00 | OK | |
r-oldrel-macos-arm64 | 0.9.14 | 91.00 | OK | |||
r-oldrel-macos-x86_64 | 0.9.14 | 164.00 | OK | |||
r-oldrel-windows-x86_64 | 0.9.14 | 13.00 | 273.00 | 286.00 | OK |
Version: 0.9.14
Check: CRAN incoming feasibility
Result: NOTE
Maintainer: ‘Annette Molinaro <annette.molinaro@ucsf.edu>’
No Authors@R field in DESCRIPTION.
Please add one, modifying
Authors@R: c(person(given = "Annette",
family = "Molinaro",
role = c("aut", "cre"),
email = "annette.molinaro@ucsf.edu"),
person(given = "Adam",
family = "Olshen",
role = "aut",
email = "olshena@biostat.ucsf.edu"),
person(given = "Karen",
family = "Lostritto",
role = "aut",
email = "karen.lostritto@yale.edu"),
person(given = "Gregory",
family = "Ryslik",
role = "aut",
email = "gregory.ryslik@yale.edu"),
person(given = "Steve",
family = "Weston",
role = "aut",
email = "stephen.weston@yale.com"))
as necessary.
Package CITATION file contains call(s) to old-style personList() or
as.personList(). Please use c() on person objects instead.
Package CITATION file contains call(s) to old-style citEntry(). Please
use bibentry() instead.
Flavor: r-devel-linux-x86_64-debian-gcc