Last updated on 2025-05-19 01:50:02 CEST.
Flavor | Version | Tinstall | Tcheck | Ttotal | Status | Flags |
---|---|---|---|---|---|---|
r-devel-linux-x86_64-debian-clang | 0.1.3 | 30.24 | 56.13 | 86.37 | OK | |
r-devel-linux-x86_64-debian-gcc | 0.1.3 | 21.45 | 42.25 | 63.70 | OK | |
r-devel-linux-x86_64-fedora-clang | 0.1.3 | 145.97 | OK | |||
r-devel-linux-x86_64-fedora-gcc | 0.1.3 | 166.27 | OK | |||
r-devel-windows-x86_64 | 0.1.3 | 35.00 | 114.00 | 149.00 | OK | |
r-patched-linux-x86_64 | 0.1.3 | 30.92 | 53.47 | 84.39 | OK | |
r-release-linux-x86_64 | 0.1.3 | 30.07 | 53.61 | 83.68 | OK | |
r-release-macos-arm64 | 0.1.3 | 52.00 | OK | |||
r-release-macos-x86_64 | 0.1.3 | 92.00 | OK | |||
r-release-windows-x86_64 | 0.1.3 | 35.00 | 104.00 | 139.00 | OK | |
r-oldrel-macos-arm64 | 0.1.3 | 53.00 | NOTE | |||
r-oldrel-macos-x86_64 | 0.1.3 | 69.00 | NOTE | |||
r-oldrel-windows-x86_64 | 0.1.3 | 42.00 | 114.00 | 156.00 | OK |
Version: 0.1.3
Check: installed package size
Result: NOTE
installed size is 7.2Mb
sub-directories of 1Mb or more:
libs 6.8Mb
Flavors: r-oldrel-macos-arm64, r-oldrel-macos-x86_64