Last updated on 2025-07-18 01:49:22 CEST.
Flavor | Version | Tinstall | Tcheck | Ttotal | Status | Flags |
---|---|---|---|---|---|---|
r-devel-linux-x86_64-debian-clang | 1.5.1 | 3.15 | 51.85 | 55.00 | OK | |
r-devel-linux-x86_64-debian-gcc | 1.5.1 | 2.30 | 41.32 | 43.62 | OK | |
r-devel-linux-x86_64-fedora-clang | 1.5.1 | 79.98 | OK | |||
r-devel-linux-x86_64-fedora-gcc | 1.5.1 | 78.93 | OK | |||
r-devel-windows-x86_64 | 1.5.1 | 4.00 | 74.00 | 78.00 | OK | |
r-patched-linux-x86_64 | 1.5.1 | 2.76 | 47.60 | 50.36 | OK | |
r-release-linux-x86_64 | 1.5.1 | 2.97 | 47.79 | 50.76 | OK | |
r-release-macos-arm64 | 1.5.1 | 36.00 | OK | |||
r-release-macos-x86_64 | 1.5.1 | 61.00 | OK | |||
r-release-windows-x86_64 | 1.5.1 | 4.00 | 75.00 | 79.00 | OK | |
r-oldrel-macos-arm64 | 1.5.1 | 32.00 | NOTE | |||
r-oldrel-macos-x86_64 | 1.5.1 | 47.00 | NOTE | |||
r-oldrel-windows-x86_64 | 1.5.1 | 6.00 | 88.00 | 94.00 | OK |
Version: 1.5.1
Check: package dependencies
Result: NOTE
Package suggested but not available for checking: ‘Rmpi’
Flavors: r-oldrel-macos-arm64, r-oldrel-macos-x86_64