Last updated on 2024-08-16 12:49:15 CEST.
Flavor | Version | Tinstall | Tcheck | Ttotal | Status | Flags |
---|---|---|---|---|---|---|
r-devel-linux-x86_64-debian-clang | 0.20 | 2.47 | 22.55 | 25.02 | NOTE | |
r-devel-linux-x86_64-debian-gcc | 0.20 | 1.86 | 17.77 | 19.63 | NOTE | |
r-devel-linux-x86_64-fedora-clang | 0.20 | 40.86 | OK | |||
r-devel-linux-x86_64-fedora-gcc | 0.20 | 38.86 | OK | |||
r-devel-windows-x86_64 | 0.20 | 5.00 | 45.00 | 50.00 | NOTE | |
r-patched-linux-x86_64 | 0.20 | 6.12 | 21.83 | 27.95 | OK | |
r-release-linux-x86_64 | 0.20 | 2.40 | 21.89 | 24.29 | OK | |
r-release-macos-arm64 | 0.20 | 19.00 | OK | |||
r-release-macos-x86_64 | 0.20 | 24.00 | OK | |||
r-release-windows-x86_64 | 0.20 | 5.00 | 45.00 | 50.00 | OK | |
r-oldrel-macos-arm64 | 0.20 | 18.00 | OK | |||
r-oldrel-macos-x86_64 | 0.20 | 23.00 | OK | |||
r-oldrel-windows-x86_64 | 0.20 | 5.00 | 47.00 | 52.00 | OK |
Version: 0.20
Check: Rd cross-references
Result: NOTE
Found the following Rd file(s) with Rd \link{} targets missing package
anchors:
chrome_print.Rd: render
Please provide package anchors for all Rd \link{} targets not in the
package itself and the base packages.
Flavors: r-devel-linux-x86_64-debian-clang, r-devel-linux-x86_64-debian-gcc, r-devel-windows-x86_64