Last updated on 2025-04-29 01:49:42 CEST.
Flavor | Version | Tinstall | Tcheck | Ttotal | Status | Flags |
---|---|---|---|---|---|---|
r-devel-linux-x86_64-debian-clang | 2.0 | 9.56 | 94.38 | 103.94 | OK | |
r-devel-linux-x86_64-debian-gcc | 2.0 | 7.82 | 73.15 | 80.97 | NOTE | |
r-devel-linux-x86_64-fedora-clang | 2.0 | 161.25 | OK | |||
r-devel-linux-x86_64-fedora-gcc | 2.0 | 155.21 | OK | |||
r-devel-windows-x86_64 | 2.0 | 11.00 | 111.00 | 122.00 | OK | |
r-patched-linux-x86_64 | 2.0 | 8.09 | 94.62 | 102.71 | OK | |
r-release-linux-x86_64 | 2.0 | 8.58 | 96.71 | 105.29 | OK | |
r-release-macos-arm64 | 2.0 | 48.00 | OK | |||
r-release-macos-x86_64 | 2.0 | 91.00 | OK | |||
r-release-windows-x86_64 | 2.0 | 12.00 | 115.00 | 127.00 | OK | |
r-oldrel-macos-arm64 | 2.0 | 45.00 | OK | |||
r-oldrel-macos-x86_64 | 2.0 | 74.00 | OK | |||
r-oldrel-windows-x86_64 | 2.0 | 15.00 | 140.00 | 155.00 | OK |
Version: 2.0
Check: CRAN incoming feasibility
Result: NOTE
Maintainer: ‘Joseph G Kreke <jkreke2@gmail.com>’
No Authors@R field in DESCRIPTION.
Please add one, modifying
Authors@R: c(person(given = c("Joseph", "G"),
family = "Kreke",
role = c("aut", "cre"),
email = "jkreke2@gmail.com"),
person(given = "PhD;",
family = "Harris",
role = "aut"),
person(given = c("Inc.", "Sangeet"),
family = "Khemlani",
role = "aut"),
person(given = c("PhD;", "Naval", "Research", "Laboratory.", "Greg"),
family = "Trafton",
role = "aut"),
person(given = c("PhD;", "Naval", "Research"),
family = "Laboratory.",
role = "aut"))
as necessary.
Flavor: r-devel-linux-x86_64-debian-gcc