Last updated on 2024-07-13 12:48:22 CEST.
Flavor | Version | Tinstall | Tcheck | Ttotal | Status | Flags |
---|---|---|---|---|---|---|
r-devel-linux-x86_64-debian-clang | 0.4.5 | 9.10 | 77.36 | 86.46 | OK | |
r-devel-linux-x86_64-debian-gcc | 0.4.5 | 7.46 | 58.08 | 65.54 | OK | |
r-devel-linux-x86_64-fedora-clang | 0.4.5 | 111.28 | OK | |||
r-devel-linux-x86_64-fedora-gcc | 0.4.5 | 118.13 | OK | |||
r-devel-windows-x86_64 | 0.4.5 | 10.00 | 75.00 | 85.00 | OK | |
r-patched-linux-x86_64 | 0.4.5 | 10.03 | 73.29 | 83.32 | OK | |
r-release-linux-x86_64 | 0.4.5 | 10.09 | 75.24 | 85.33 | OK | |
r-release-macos-arm64 | 0.4.5 | 41.00 | OK | |||
r-release-macos-x86_64 | 0.4.5 | 61.00 | OK | |||
r-release-windows-x86_64 | 0.4.5 | 11.00 | 77.00 | 88.00 | OK | |
r-oldrel-macos-arm64 | 0.4.5 | 42.00 | NOTE | |||
r-oldrel-macos-x86_64 | 0.4.5 | 72.00 | OK | |||
r-oldrel-windows-x86_64 | 0.4.5 | 14.00 | 85.00 | 99.00 | OK |
Version: 0.4.5
Check: installed package size
Result: NOTE
installed size is 5.1Mb
sub-directories of 1Mb or more:
data 4.0Mb
Flavor: r-oldrel-macos-arm64