Last updated on 2025-11-05 00:49:38 CET.
| Flavor | Version | Tinstall | Tcheck | Ttotal | Status | Flags |
|---|---|---|---|---|---|---|
| r-devel-linux-x86_64-debian-clang | 0.2.0 | 2.50 | 43.97 | 46.47 | OK | |
| r-devel-linux-x86_64-debian-gcc | 0.2.0 | 2.42 | 32.78 | 35.20 | OK | |
| r-devel-linux-x86_64-fedora-clang | 0.2.0 | 66.59 | OK | |||
| r-devel-linux-x86_64-fedora-gcc | 0.2.0 | 62.71 | OK | |||
| r-devel-windows-x86_64 | 0.2.0 | 8.00 | 71.00 | 79.00 | OK | |
| r-patched-linux-x86_64 | 0.2.0 | 5.98 | 39.95 | 45.93 | OK | |
| r-release-linux-x86_64 | 0.2.0 | 2.15 | 39.84 | 41.99 | OK | |
| r-release-macos-arm64 | 0.2.0 | 2.00 | 31.00 | 33.00 | OK | |
| r-release-macos-x86_64 | 0.2.0 | 3.00 | 42.00 | 45.00 | OK | |
| r-release-windows-x86_64 | 0.2.0 | 6.00 | 70.00 | 76.00 | OK | |
| r-oldrel-macos-arm64 | 0.2.0 | 2.00 | 41.00 | 43.00 | NOTE | |
| r-oldrel-macos-x86_64 | 0.2.0 | 3.00 | 51.00 | 54.00 | NOTE | |
| r-oldrel-windows-x86_64 | 0.2.0 | 6.00 | 84.00 | 90.00 | OK |
Version: 0.2.0
Check: package dependencies
Result: NOTE
Package suggested but not available for checking: ‘otelsdk’
Flavors: r-oldrel-macos-arm64, r-oldrel-macos-x86_64
Version: 0.2.0
Check: Rd cross-references
Result: NOTE
Package unavailable to check Rd xrefs: ‘otelsdk’
Flavors: r-oldrel-macos-arm64, r-oldrel-macos-x86_64