Last updated on 2024-08-16 12:49:15 CEST.
Flavor | Version | Tinstall | Tcheck | Ttotal | Status | Flags |
---|---|---|---|---|---|---|
r-devel-linux-x86_64-debian-clang | 1.0-6.1 | 4.78 | 40.06 | 44.84 | NOTE | |
r-devel-linux-x86_64-debian-gcc | 1.0-6.1 | 3.24 | 28.54 | 31.78 | NOTE | |
r-devel-linux-x86_64-fedora-clang | 1.0-6.1 | 71.28 | NOTE | |||
r-devel-linux-x86_64-fedora-gcc | 1.0-6.1 | 67.71 | NOTE | |||
r-devel-windows-x86_64 | 1.0-6.1 | 5.00 | 80.00 | 85.00 | NOTE | |
r-patched-linux-x86_64 | 1.0-6.1 | 5.94 | 37.49 | 43.43 | NOTE | |
r-release-linux-x86_64 | 1.0-6.1 | 4.14 | 37.42 | 41.56 | NOTE | |
r-release-macos-arm64 | 1.0-6.1 | 22.00 | NOTE | |||
r-release-macos-x86_64 | 1.0-6.1 | 33.00 | NOTE | |||
r-release-windows-x86_64 | 1.0-6.1 | 7.00 | 79.00 | 86.00 | NOTE | |
r-oldrel-macos-arm64 | 1.0-6.1 | 29.00 | OK | |||
r-oldrel-macos-x86_64 | 1.0-6.1 | 37.00 | OK | |||
r-oldrel-windows-x86_64 | 1.0-6.1 | 9.00 | 83.00 | 92.00 | OK |
Version: 1.0-6.1
Check: Rd files
Result: NOTE
checkRd: (-1) polynomial.derivatives.Rd:18: Lost braces in \itemize; meant \describe ?
checkRd: (-1) polynomial.derivatives.Rd:19: Lost braces in \itemize; meant \describe ?
checkRd: (-1) polynomial.derivatives.Rd:21: Lost braces in \itemize; meant \describe ?
checkRd: (-1) polynomial.integrals.Rd:18: Lost braces in \itemize; meant \describe ?
checkRd: (-1) polynomial.integrals.Rd:19: Lost braces in \itemize; meant \describe ?
checkRd: (-1) polynomial.integrals.Rd:21: Lost braces in \itemize; meant \describe ?
Flavors: r-devel-linux-x86_64-debian-clang, r-devel-linux-x86_64-debian-gcc, r-devel-linux-x86_64-fedora-clang, r-devel-linux-x86_64-fedora-gcc, r-devel-windows-x86_64, r-patched-linux-x86_64, r-release-linux-x86_64, r-release-macos-arm64, r-release-macos-x86_64, r-release-windows-x86_64