CRAN Package Check Results for Package oro.nifti

Last updated on 2025-04-29 01:49:42 CEST.

Flavor Version Tinstall Tcheck Ttotal Status Flags
r-devel-linux-x86_64-debian-clang 0.11.4 17.30 101.86 119.16 OK
r-devel-linux-x86_64-debian-gcc 0.11.4 10.77 71.26 82.03 NOTE
r-devel-linux-x86_64-fedora-clang 0.11.4 191.74 OK
r-devel-linux-x86_64-fedora-gcc 0.11.4 183.51 OK
r-devel-windows-x86_64 0.11.4 16.00 134.00 150.00 OK
r-patched-linux-x86_64 0.11.4 18.30 99.19 117.49 OK
r-release-linux-x86_64 0.11.4 15.68 98.21 113.89 OK
r-release-macos-arm64 0.11.4 50.00 OK
r-release-macos-x86_64 0.11.4 107.00 OK
r-release-windows-x86_64 0.11.4 21.00 138.00 159.00 OK
r-oldrel-macos-arm64 0.11.4 50.00 NOTE
r-oldrel-macos-x86_64 0.11.4 86.00 NOTE
r-oldrel-windows-x86_64 0.11.4 26.00 167.00 193.00 NOTE

Check Details

Version: 0.11.4
Check: CRAN incoming feasibility
Result: NOTE Maintainer: ‘Brandon Whitcher <bwhitcher@gmail.com>’ Package CITATION file contains call(s) to old-style personList() or as.personList(). Please use c() on person objects instead. Package CITATION file contains call(s) to old-style citEntry(). Please use bibentry() instead. Flavor: r-devel-linux-x86_64-debian-gcc

Version: 0.11.4
Check: installed package size
Result: NOTE installed size is 6.6Mb sub-directories of 1Mb or more: R 1.0Mb nifti 3.8Mb Flavors: r-oldrel-macos-arm64, r-oldrel-macos-x86_64, r-oldrel-windows-x86_64