Last updated on 2025-05-19 01:50:01 CEST.
Flavor | Version | Tinstall | Tcheck | Ttotal | Status | Flags |
---|---|---|---|---|---|---|
r-devel-linux-x86_64-debian-clang | 1.1 | 2.63 | 24.13 | 26.76 | NOTE | |
r-devel-linux-x86_64-debian-gcc | 1.1 | 1.83 | 19.23 | 21.06 | NOTE | |
r-devel-linux-x86_64-fedora-clang | 1.1 | 41.52 | OK | |||
r-devel-linux-x86_64-fedora-gcc | 1.1 | 39.90 | OK | |||
r-devel-windows-x86_64 | 1.1 | 4.00 | 66.00 | 70.00 | OK | |
r-patched-linux-x86_64 | 1.1 | 2.94 | 23.38 | 26.32 | OK | |
r-release-linux-x86_64 | 1.1 | 2.51 | 23.47 | 25.98 | OK | |
r-release-macos-arm64 | 1.1 | 20.00 | OK | |||
r-release-macos-x86_64 | 1.1 | 32.00 | OK | |||
r-release-windows-x86_64 | 1.1 | 3.00 | 69.00 | 72.00 | OK | |
r-oldrel-macos-arm64 | 1.1 | 17.00 | OK | |||
r-oldrel-macos-x86_64 | 1.1 | 23.00 | OK | |||
r-oldrel-windows-x86_64 | 1.1 | 4.00 | 51.00 | 55.00 | OK |
Version: 1.1
Check: CRAN incoming feasibility
Result: NOTE
Maintainer: ‘Ken Ryan <kjryan@mail.wvu.edu>’
No Authors@R field in DESCRIPTION.
Please add one, modifying
Authors@R: person(given = "Ken",
family = "Ryan",
role = c("aut", "cre"),
email = "kjryan@mail.wvu.edu")
as necessary.
Package CITATION file contains call(s) to old-style personList() or
as.personList(). Please use c() on person objects instead.
Package CITATION file contains call(s) to old-style citEntry(). Please
use bibentry() instead.
Flavors: r-devel-linux-x86_64-debian-clang, r-devel-linux-x86_64-debian-gcc