Last updated on 2024-06-30 00:59:21 CEST.
Flavor | Version | Tinstall | Tcheck | Ttotal | Status | Flags |
---|---|---|---|---|---|---|
r-devel-linux-x86_64-debian-clang | 2.0.8 | 186.88 | 293.55 | 480.43 | OK | |
r-devel-linux-x86_64-debian-gcc | 2.0.8 | 123.96 | 217.68 | 341.64 | OK | |
r-devel-linux-x86_64-fedora-clang | 2.0.8 | 710.50 | OK | |||
r-devel-linux-x86_64-fedora-gcc | 2.0.8 | 702.89 | OK | |||
r-devel-windows-x86_64 | 2.0.8 | 146.00 | 243.00 | 389.00 | OK | |
r-patched-linux-x86_64 | 2.0.8 | 103.34 | 272.49 | 375.83 | OK | |
r-release-linux-x86_64 | 2.0.8 | 120.14 | 281.48 | 401.62 | OK | |
r-release-macos-arm64 | 2.0.8 | 161.00 | NOTE | |||
r-release-macos-x86_64 | 2.0.8 | 312.00 | NOTE | |||
r-release-windows-x86_64 | 2.0.8 | 146.00 | 249.00 | 395.00 | OK | |
r-oldrel-macos-arm64 | 2.0.8 | 200.00 | NOTE | |||
r-oldrel-macos-x86_64 | 2.0.8 | 325.00 | NOTE | |||
r-oldrel-windows-x86_64 | 2.0.8 | 185.00 | 310.00 | 495.00 | OK |
Version: 2.0.8
Check: installed package size
Result: NOTE
installed size is 6.0Mb
sub-directories of 1Mb or more:
extdata 1.8Mb
libs 3.1Mb
Flavors: r-release-macos-arm64, r-release-macos-x86_64, r-oldrel-macos-arm64, r-oldrel-macos-x86_64