Last updated on 2025-04-29 01:49:42 CEST.
Flavor | Version | Tinstall | Tcheck | Ttotal | Status | Flags |
---|---|---|---|---|---|---|
r-devel-linux-x86_64-debian-clang | 1.0-28 | 13.35 | 93.13 | 106.48 | OK | |
r-devel-linux-x86_64-debian-gcc | 1.0-28 | 11.41 | 72.73 | 84.14 | NOTE | |
r-devel-linux-x86_64-fedora-clang | 1.0-28 | 181.26 | OK | |||
r-devel-linux-x86_64-fedora-gcc | 1.0-28 | 172.16 | OK | |||
r-devel-windows-x86_64 | 1.0-28 | 11.00 | 102.00 | 113.00 | OK | |
r-patched-linux-x86_64 | 1.0-28 | 13.95 | 89.50 | 103.45 | OK | |
r-release-linux-x86_64 | 1.0-28 | 14.05 | 88.48 | 102.53 | OK | |
r-release-macos-arm64 | 1.0-28 | 68.00 | OK | |||
r-release-macos-x86_64 | 1.0-28 | 91.00 | OK | |||
r-release-windows-x86_64 | 1.0-28 | 13.00 | 111.00 | 124.00 | OK | |
r-oldrel-macos-arm64 | 1.0-28 | 68.00 | OK | |||
r-oldrel-macos-x86_64 | 1.0-28 | 75.00 | OK | |||
r-oldrel-windows-x86_64 | 1.0-28 | 14.00 | 119.00 | 133.00 | OK |
Version: 1.0-28
Check: CRAN incoming feasibility
Result: NOTE
Maintainer: ‘Mizanur Khondoker <mizanur.khondoker@gmail.com>’
No Authors@R field in DESCRIPTION.
Please add one, modifying
Authors@R: person(given = "Mizanur",
family = "Khondoker",
role = c("aut", "cre"),
email = "mizanur.khondoker@gmail.com")
as necessary.
Flavor: r-devel-linux-x86_64-debian-gcc