Last updated on 2024-08-16 12:49:15 CEST.
Flavor | Version | Tinstall | Tcheck | Ttotal | Status | Flags |
---|---|---|---|---|---|---|
r-devel-linux-x86_64-debian-clang | 1.8.0 | 10.52 | 108.66 | 119.18 | NOTE | |
r-devel-linux-x86_64-debian-gcc | 1.8.0 | 8.04 | 78.77 | 86.81 | NOTE | |
r-devel-linux-x86_64-fedora-clang | 1.8.0 | 188.65 | NOTE | |||
r-devel-linux-x86_64-fedora-gcc | 1.8.0 | 202.30 | NOTE | |||
r-devel-windows-x86_64 | 1.8.0 | 13.00 | 115.00 | 128.00 | NOTE | |
r-patched-linux-x86_64 | 1.8.0 | 10.51 | 101.12 | 111.63 | NOTE | |
r-release-linux-x86_64 | 1.8.0 | 10.87 | 102.69 | 113.56 | NOTE | |
r-release-macos-arm64 | 1.8.0 | 64.00 | NOTE | |||
r-release-macos-x86_64 | 1.8.0 | 95.00 | NOTE | |||
r-release-windows-x86_64 | 1.8.0 | 13.00 | 116.00 | 129.00 | NOTE | |
r-oldrel-macos-arm64 | 1.8.0 | 58.00 | NOTE | |||
r-oldrel-macos-x86_64 | 1.8.0 | 101.00 | NOTE | |||
r-oldrel-windows-x86_64 | 1.8.0 | 17.00 | 143.00 | 160.00 | NOTE |
Version: 1.8.0
Check: package subdirectories
Result: NOTE
Problems with news in ‘NEWS.md’:
No news entries found.
Flavors: r-devel-linux-x86_64-debian-clang, r-devel-linux-x86_64-debian-gcc, r-devel-linux-x86_64-fedora-clang, r-devel-linux-x86_64-fedora-gcc, r-devel-windows-x86_64, r-patched-linux-x86_64, r-release-linux-x86_64, r-release-macos-arm64, r-release-macos-x86_64, r-release-windows-x86_64, r-oldrel-macos-arm64, r-oldrel-macos-x86_64, r-oldrel-windows-x86_64
Version: 1.8.0
Check: Rd files
Result: NOTE
checkRd: (-1) word_imp.Rd:14: Lost braces
14 | number of individual records. An \code{n} x code{2} dataframe can
| ^
Flavors: r-devel-linux-x86_64-debian-clang, r-devel-linux-x86_64-debian-gcc, r-devel-linux-x86_64-fedora-clang, r-devel-linux-x86_64-fedora-gcc, r-devel-windows-x86_64, r-patched-linux-x86_64, r-release-linux-x86_64, r-release-macos-arm64, r-release-macos-x86_64, r-release-windows-x86_64