Last updated on 2025-07-20 12:49:32 CEST.
Flavor | Version | Tinstall | Tcheck | Ttotal | Status | Flags |
---|---|---|---|---|---|---|
r-devel-linux-x86_64-debian-clang | 2.2.14 | 4.48 | 36.42 | 40.90 | OK | |
r-devel-linux-x86_64-debian-gcc | 2.2.14 | 3.42 | 29.02 | 32.44 | OK | |
r-devel-linux-x86_64-fedora-clang | 2.2.14 | 64.45 | OK | |||
r-devel-linux-x86_64-fedora-gcc | 2.2.14 | 74.24 | OK | |||
r-devel-windows-x86_64 | 2.2.14 | 6.00 | 56.00 | 62.00 | OK | |
r-patched-linux-x86_64 | 2.2.14 | 4.78 | 34.94 | 39.72 | OK | |
r-release-linux-x86_64 | 2.2.14 | 3.91 | 35.19 | 39.10 | OK | |
r-release-macos-arm64 | 2.2.14 | 33.00 | OK | |||
r-release-macos-x86_64 | 2.2.14 | 97.00 | OK | |||
r-release-windows-x86_64 | 2.2.14 | 7.00 | 56.00 | 63.00 | OK | |
r-oldrel-macos-arm64 | 2.2.14 | 29.00 | OK | |||
r-oldrel-macos-x86_64 | 2.2.14 | 55.00 | OK | |||
r-oldrel-windows-x86_64 | 2.2.14 | 7.00 | 62.00 | 69.00 | NOTE |
Version: 2.2.14
Check: package dependencies
Result: NOTE
Package suggested but not available for checking: 'unix'
Flavor: r-oldrel-windows-x86_64