Last updated on 2025-02-22 00:49:53 CET.
Flavor | Version | Tinstall | Tcheck | Ttotal | Status | Flags |
---|---|---|---|---|---|---|
r-devel-linux-x86_64-debian-clang | 0.1-2 | 2.52 | 38.01 | 40.53 | NOTE | |
r-devel-linux-x86_64-debian-gcc | 0.1-2 | 1.92 | 42.45 | 44.37 | NOTE | |
r-devel-linux-x86_64-fedora-clang | 0.1-2 | 62.47 | OK | |||
r-devel-linux-x86_64-fedora-gcc | 0.1-2 | 73.74 | OK | |||
r-devel-macos-arm64 | 0.1-2 | 26.00 | OK | |||
r-devel-macos-x86_64 | 0.1-2 | 78.00 | OK | |||
r-devel-windows-x86_64 | 0.1-2 | 3.00 | 75.00 | 78.00 | NOTE | |
r-patched-linux-x86_64 | 0.1-2 | 4.29 | 35.00 | 39.29 | OK | |
r-release-linux-x86_64 | 0.1-2 | 2.67 | 33.58 | 36.25 | OK | |
r-release-macos-arm64 | 0.1-2 | 26.00 | OK | |||
r-release-macos-x86_64 | 0.1-2 | 41.00 | OK | |||
r-release-windows-x86_64 | 0.1-2 | 3.00 | 67.00 | 70.00 | OK | |
r-oldrel-macos-arm64 | 0.1-2 | 30.00 | OK | |||
r-oldrel-macos-x86_64 | 0.1-2 | 46.00 | OK | |||
r-oldrel-windows-x86_64 | 0.1-2 | 4.00 | 72.00 | 76.00 | OK |
Version: 0.1-2
Check: Rd cross-references
Result: NOTE
Found the following Rd file(s) with Rd \link{} targets missing package
anchors:
onls.Rd: nls.lm.control, nls.lm
Please provide package anchors for all Rd \link{} targets not in the
package itself and the base packages.
Flavors: r-devel-linux-x86_64-debian-clang, r-devel-linux-x86_64-debian-gcc, r-devel-windows-x86_64