Last updated on 2024-07-13 12:48:22 CEST.
Flavor | Version | Tinstall | Tcheck | Ttotal | Status | Flags |
---|---|---|---|---|---|---|
r-devel-linux-x86_64-debian-clang | 1.0.0 | 46.12 | 87.32 | 133.44 | NOTE | |
r-devel-linux-x86_64-debian-gcc | 1.0.0 | 28.38 | 62.02 | 90.40 | NOTE | |
r-devel-linux-x86_64-fedora-clang | 1.0.0 | 191.02 | NOTE | |||
r-devel-linux-x86_64-fedora-gcc | 1.0.0 | 193.13 | NOTE | |||
r-devel-windows-x86_64 | 1.0.0 | 43.00 | 134.00 | 177.00 | NOTE | |
r-patched-linux-x86_64 | 1.0.0 | 40.91 | 85.62 | 126.53 | NOTE | |
r-release-linux-x86_64 | 1.0.0 | 27.40 | 85.84 | 113.24 | NOTE | |
r-release-macos-arm64 | 1.0.0 | 59.00 | NOTE | |||
r-release-macos-x86_64 | 1.0.0 | 77.00 | NOTE | |||
r-release-windows-x86_64 | 1.0.0 | 42.00 | 136.00 | 178.00 | NOTE | |
r-oldrel-macos-arm64 | 1.0.0 | 66.00 | NOTE | |||
r-oldrel-macos-x86_64 | 1.0.0 | 146.00 | NOTE | |||
r-oldrel-windows-x86_64 | 1.0.0 | 50.00 | 145.00 | 195.00 | NOTE |
Version: 1.0.0
Check: LazyData
Result: NOTE
'LazyData' is specified without a 'data' directory
Flavors: r-devel-linux-x86_64-debian-clang, r-devel-linux-x86_64-debian-gcc, r-devel-linux-x86_64-fedora-clang, r-devel-linux-x86_64-fedora-gcc, r-devel-windows-x86_64, r-patched-linux-x86_64, r-release-linux-x86_64, r-release-macos-arm64, r-release-macos-x86_64, r-release-windows-x86_64, r-oldrel-macos-arm64, r-oldrel-macos-x86_64, r-oldrel-windows-x86_64
Version: 1.0.0
Check: for GNU extensions in Makefiles
Result: NOTE
GNU make is a SystemRequirements.
Flavors: r-devel-linux-x86_64-debian-clang, r-devel-linux-x86_64-debian-gcc, r-devel-linux-x86_64-fedora-clang, r-devel-linux-x86_64-fedora-gcc, r-devel-windows-x86_64, r-patched-linux-x86_64, r-release-linux-x86_64, r-release-macos-arm64, r-release-macos-x86_64, r-release-windows-x86_64, r-oldrel-macos-arm64, r-oldrel-macos-x86_64, r-oldrel-windows-x86_64
Version: 1.0.0
Check: installed package size
Result: NOTE
installed size is 5.5Mb
sub-directories of 1Mb or more:
libs 4.3Mb
Flavors: r-devel-linux-x86_64-fedora-clang, r-devel-windows-x86_64, r-release-macos-arm64, r-release-macos-x86_64, r-release-windows-x86_64, r-oldrel-macos-arm64, r-oldrel-macos-x86_64, r-oldrel-windows-x86_64