Last updated on 2025-04-29 01:49:41 CEST.
Flavor | Version | Tinstall | Tcheck | Ttotal | Status | Flags |
---|---|---|---|---|---|---|
r-devel-linux-x86_64-debian-clang | 1.0.5 | 6.01 | 53.11 | 59.12 | OK | |
r-devel-linux-x86_64-debian-gcc | 1.0.5 | 4.11 | 45.95 | 50.06 | NOTE | |
r-devel-linux-x86_64-fedora-clang | 1.0.5 | 88.27 | OK | |||
r-devel-linux-x86_64-fedora-gcc | 1.0.5 | 86.77 | OK | |||
r-devel-windows-x86_64 | 1.0.5 | 8.00 | 76.00 | 84.00 | OK | |
r-patched-linux-x86_64 | 1.0.5 | 5.67 | 50.50 | 56.17 | OK | |
r-release-linux-x86_64 | 1.0.5 | 4.89 | 50.30 | 55.19 | OK | |
r-release-macos-arm64 | 1.0.5 | 29.00 | OK | |||
r-release-macos-x86_64 | 1.0.5 | 64.00 | OK | |||
r-release-windows-x86_64 | 1.0.5 | 8.00 | 80.00 | 88.00 | OK | |
r-oldrel-macos-arm64 | 1.0.5 | 28.00 | OK | |||
r-oldrel-macos-x86_64 | 1.0.5 | 39.00 | OK | |||
r-oldrel-windows-x86_64 | 1.0.5 | 10.00 | 83.00 | 93.00 | OK |
Version: 1.0.5
Check: examples
Result: NOTE
Examples with CPU (user + system) or elapsed time > 5s
user system elapsed
impute 3.267 2.328 30.187
normalize 0.954 1.353 12.148
Flavor: r-devel-linux-x86_64-debian-gcc